{"id":2814,"date":"2019-04-05T12:58:13","date_gmt":"2019-04-05T18:58:13","guid":{"rendered":"http:\/\/gobernacionaltaverapaz.gob.gt\/?page_id=2814"},"modified":"2019-04-05T12:58:13","modified_gmt":"2019-04-05T18:58:13","slug":"alta-verapaz","status":"publish","type":"page","link":"https:\/\/gobernacionaltaverapaz.gob.gt\/?page_id=2814","title":{"rendered":"Alta Verapaz"},"content":{"rendered":"<p style=\"text-align: justify;\">Informaci\u00f3n del Departamento<\/p>\n<p style=\"text-align: justify;\">Alta Verapaz es un departamento ubicado al norte de Guatemala, a unos 200 km de la Ciudad de Guatemala. Limita al norte con El Pet\u00e9n; al este con Izabal; al sur con Zacapa, El Progreso y la Baja Verapaz; y al oeste con El Quich\u00e9. Su cabecera es Cob\u00e1n.<\/p>\n<p style=\"text-align: justify;\">Es uno de los departamentos m\u00e1s ricos en naturaleza de Guatemala: destacan entre sus maravillas las piscinas de Semuc Champey (en el R\u00edo Cahab\u00f3n); las cuevas de Candelaria, el Rey Marcos y Lanqu\u00edn; y sus bosques h\u00famedos.<\/p>\n<p style=\"text-align: justify;\">En su patrimonio hist\u00f3rico-art\u00edstico, destacan los 64 enclaves arqueol\u00f3gicos correspondientes al per\u00edodo maya y algunos edificios religiosos singulares del per\u00edodo colonial, sobre todo en Cob\u00e1n, San Juan Chamelco y San Pedro Carch\u00e1.<\/p>\n<p style=\"text-align: justify;\">Tanto su nombre como el del departamento de la Baja Verapaz hacen alusi\u00f3n a la verdadera paz con la que estos territorios fueron incorporados a la Corona de Castilla y evangelizados sin que mediaran acciones militares (gracias a la intervenci\u00f3n del dominico Bartolom\u00e9 de las Casas), despu\u00e9s de que los nativos ofrecieran en primera instancia una feroz resistencia frente a las tropas conquistadoras.<\/p>\n<p style=\"text-align: justify;\">Adem\u00e1s del castellano, en la regi\u00f3n se hablan el q\u2019eqchi, el Idioma poqomchi y el achi.<\/p>\n<p style=\"text-align: justify;\">El monoling\u00fcismo es la principal caracter\u00edstica de sus pobladores, que durante a\u00f1os lograron que los for\u00e1neos utilizaran el q\u2019eqchi\u2019 como una lengua franca. Los q\u2019eqchi\u2019es de hoy conservan sus pr\u00e1cticas y creencias m\u00e1gicas. Las expresiones como las danzas de Venados, de Cort\u00e9s o de los Viejitos, destacan en muchas de las poblaciones. La marimba de resonadores de bamb\u00fa, los conjuntos de chirim\u00eda y tambor o con pito; pero sobre todo el conjunto de arpa, viol\u00edn y guitarra, nos recuerda el proceso de conquista y de adopci\u00f3n instrumental moro-europeo. La culinaria q\u2019eqchi\u2019 ha logrado un espacio en el escenario nacional. La sopa del kaq ik, elaborada con chile rojo y achiote que se acompa\u00f1a de carne de chompipe o pavo y tamalitos de ma\u00edz, es codiciada en el \u00e1rea y fuera de su esfera.<\/p>\n<p style=\"text-align: justify;\">Est\u00e1 comprendido por los poblados de San Crist\u00f3bal Verapaz, Santa Cruz, Tactic, Tamah\u00fa y parte de Tucur\u00fa, en Alta Verapaz. Hay poblaci\u00f3n poqomchi\u2019 en Purulh\u00e1, Baja Verapaz y una parte de San Miguel Uspant\u00e1n en el departamento de Quich\u00e9. Actualmente hay aproximadamente 94,714 hablantes.<\/p>\n<p style=\"text-align: justify;\">Hasta hace algunos a\u00f1os, todos los ling\u00fcistas afirmaban que el poqomchi\u2019 era uno de los idiomas mayas que m\u00e1s conservaba su forma primitiva. Seg\u00fan Erick Thompson, los mayas poqom probablemente fueron quienes dominaron el centro de Guatemala 2000 a\u00f1os antes de la \u00e9poca formativa de Kaminal Juy\u00fa.<\/p>\n<p style=\"text-align: justify;\">Durante la \u00e9poca postcl\u00e1sica, los maya poqom se refugiaron y se desarrollaron creando centros ceremoniales y ciudadelas (recinto fortificado en el interior de una ciudad) que hoy llevan los nombres de Mogote, Choloxcoc, Panprisi\u00f3n, Kajyup y Chuitinamit o Tzaq Poqoma. La ciudad de Kajyup se encuentra cerca del actual poblado de Rabinal, \u201ces el lugar primitivo de los pueblos poqomchi\u2019es de Tactic, Tucur\u00fa, Tamah\u00fa y del pueblo poqomam de Chinautla\u201d. Chuitinamit, est\u00e1 situado cerca de Rabinal. Se cree que es el lugar primitivo de San Crist\u00f3bal.<\/p>\n<p style=\"text-align: justify;\">La Alta Verapaz est\u00e1 dividida en 17 municipios:<br \/>\n1. Cob\u00e1n<br \/>\n2. San Pedro Carch\u00e1<br \/>\n3. San Juan Chamelco<br \/>\n4. San Crist\u00f3bal Verapaz<br \/>\n5. Tactic<br \/>\n6. Tucur\u00fa<br \/>\n7. Tamah\u00fa<br \/>\n8. Panz\u00f3s<br \/>\n9. Senah\u00fa<br \/>\n10. Cahab\u00f3n<br \/>\n11. Lanqu\u00edn<br \/>\n12. Chahal<br \/>\n13. Fray Bartolom\u00e9 de las Casas<br \/>\n14. Chisec<br \/>\n15. Santa Cruz Verapaz<br \/>\n16. Santa Catalina La Tinta segregado oficialmente de Panz\u00f3s pero no se han publicado sus l\u00edmites territoriales.<br \/>\n17. Raxruh\u00e1 actualmente en formaci\u00f3n, Decretado por el decreto 10-2008 del Congreso de la Rep\u00fablica, actualmente se est\u00e1 estudiando sus futuros l\u00edmites territoriales.<\/p>\n","protected":false},"excerpt":{"rendered":"<p>Informaci\u00f3n del Departamento Alta Verapaz es un departamento ubicado al norte de Guatemala, a unos 200 km de la Ciudad de Guatemala. Limita al norte con El Pet\u00e9n; al este con Izabal; al sur con Zacapa, El Progreso y la Baja Verapaz; y al oeste con El Quich\u00e9. Su cabecera es Cob\u00e1n. Es uno de [&hellip;]<\/p>\n","protected":false},"author":1,"featured_media":0,"parent":0,"menu_order":0,"comment_status":"closed","ping_status":"closed","template":"","meta":[],"_links":{"self":[{"href":"https:\/\/gobernacionaltaverapaz.gob.gt\/index.php?rest_route=\/wp\/v2\/pages\/2814"}],"collection":[{"href":"https:\/\/gobernacionaltaverapaz.gob.gt\/index.php?rest_route=\/wp\/v2\/pages"}],"about":[{"href":"https:\/\/gobernacionaltaverapaz.gob.gt\/index.php?rest_route=\/wp\/v2\/types\/page"}],"author":[{"embeddable":true,"href":"https:\/\/gobernacionaltaverapaz.gob.gt\/index.php?rest_route=\/wp\/v2\/users\/1"}],"replies":[{"embeddable":true,"href":"https:\/\/gobernacionaltaverapaz.gob.gt\/index.php?rest_route=%2Fwp%2Fv2%2Fcomments&post=2814"}],"version-history":[{"count":1,"href":"https:\/\/gobernacionaltaverapaz.gob.gt\/index.php?rest_route=\/wp\/v2\/pages\/2814\/revisions"}],"predecessor-version":[{"id":2817,"href":"https:\/\/gobernacionaltaverapaz.gob.gt\/index.php?rest_route=\/wp\/v2\/pages\/2814\/revisions\/2817"}],"wp:attachment":[{"href":"https:\/\/gobernacionaltaverapaz.gob.gt\/index.php?rest_route=%2Fwp%2Fv2%2Fmedia&parent=2814"}],"curies":[{"name":"wp","href":"https:\/\/api.w.org\/{rel}","templated":true}]}}