{"id":5791,"date":"2019-06-28T16:28:15","date_gmt":"2019-06-28T22:28:15","guid":{"rendered":"http:\/\/gobernacionaltaverapaz.gob.gt\/?page_id=5791"},"modified":"2019-06-28T16:30:12","modified_gmt":"2019-06-28T22:30:12","slug":"5791-2","status":"publish","type":"page","link":"https:\/\/gobernacionaltaverapaz.gob.gt\/?page_id=5791","title":{"rendered":""},"content":{"rendered":"<p style=\"margin: 0cm; margin-bottom: .0001pt; text-align: center;\" align=\"center\"><span style=\"font-size: 36.0pt; font-family: 'Impact','sans-serif'; color: #0066cc;\">Chahal<\/span><\/p>\n<p style=\"text-align: center;\" align=\"center\"><img decoding=\"async\" loading=\"lazy\" class=\"alignnone wp-image-5792 size-full\" src=\"http:\/\/gobernacionaltaverapaz.gob.gt\/wp-content\/uploads\/2019\/06\/chahal00.jpg\" alt=\"\" width=\"591\" height=\"179\" srcset=\"https:\/\/gobernacionaltaverapaz.gob.gt\/wp-content\/uploads\/2019\/06\/chahal00.jpg 591w, https:\/\/gobernacionaltaverapaz.gob.gt\/wp-content\/uploads\/2019\/06\/chahal00-300x91.jpg 300w, https:\/\/gobernacionaltaverapaz.gob.gt\/wp-content\/uploads\/2019\/06\/chahal00-590x179.jpg 590w\" sizes=\"(max-width: 591px) 100vw, 591px\" \/><\/p>\n<h2 style=\"text-align: center;\">BREVE RESE\u00d1A HIST\u00d3RICA<\/h2>\n<p style=\"text-align: justify;\">Algunos opinan que el municipio de CHAHAL, se fund\u00f3\u00a0 en 1,908, pero\u00a0 los datos recabados del archivo de la municipalidad de dicho municipio, son los siguientes:<\/p>\n<p style=\"text-align: justify;\">Antiguamente Chahal dependi\u00f3 del departamento de Izabal, pero gracias a la lucha de personas amantes a la libertad y el progreso, tales como Manuel Tot y Manuel Flores, que lucharon por la independencia de su pueblo, se logro anexar al departamento de Alta Verapaz, quedando bajo la jurisdicci\u00f3n del municipio de Santa Mar\u00eda Cahab\u00f3n, en calidad de Aldea y con fecha 05 de Septiembre de 1,903, conforme acuerdo suscrito por el se\u00f1or Presidente Constitucional de la Rep\u00fablica, Lic. Manuel Estrada Cabrera, fue elevado a la categor\u00eda de Municipio.<\/p>\n<p style=\"text-align: justify;\">Actualmente el municipio de Chahal est\u00e1 completamente cercenado en su territorio. Con la creaci\u00f3n del municipio de Fray Bartolom\u00e9 de la Casas, conforme\u00a0 acuerdo Gubernativo de fecha 3 de Mayo de 1,980 se le quit\u00f3 al municipio casi un 50%\u00a0 de su territorio, habiendo quedado como l\u00edmite jurisdiccional en la parte norte, el r\u00edo Chiy\u00fa, hasta el punto natural que est\u00e1 a la altura de la finca Semuc-Chiy\u00fa, conocida tambi\u00e9n con el nombre SAGRADO CORAZ\u00d3N.<\/p>\n<p><strong>ETIMOLOG\u00cdA DE SU NOMBRE:<\/strong><\/p>\n<p style=\"text-align: justify;\">Seg\u00fan los estudios realizados por el historiador, Lic. Adri\u00e1n Recinos, en la Biblia de los Mayas Q\u2019uich\u00e9s, el popol-vuh, Chahal traducido al idioma espa\u00f1ol quiere decir \u201cGUARDIAN DE LAS SEMENTERAS\u201d siendo invocado este nombre por la Princesa IXQUIC.<\/p>\n<p style=\"text-align: justify;\">OTRA OPINI\u00d3N:\u00a0\u00a0\u00a0 CHA= ceniza\u00a0\u00a0\u00a0\u00a0\u00a0\u00a0 HAL=\u00a0 patojo, patojos que com\u00edan cenizas.<\/p>\n<p style=\"text-align: justify;\"><strong>UBICACI\u00d3N GEOGR\u00c1FICA:<\/strong><\/p>\n<p style=\"text-align: center;\"><img decoding=\"async\" loading=\"lazy\" class=\"alignnone wp-image-5793 size-full\" src=\"http:\/\/gobernacionaltaverapaz.gob.gt\/wp-content\/uploads\/2019\/06\/mapa-chahal.png\" alt=\"\" width=\"518\" height=\"337\" srcset=\"https:\/\/gobernacionaltaverapaz.gob.gt\/wp-content\/uploads\/2019\/06\/mapa-chahal.png 518w, https:\/\/gobernacionaltaverapaz.gob.gt\/wp-content\/uploads\/2019\/06\/mapa-chahal-300x195.png 300w\" sizes=\"(max-width: 518px) 100vw, 518px\" \/><\/p>\n<p><strong>LIMITES:<\/strong><\/p>\n<p style=\"text-align: justify;\">Al norte colinda con el municipio\u00a0 de San Luis Pet\u00e9n, al sur con Santa Mar\u00eda Cahab\u00f3n, al oriente con Livingston, Izabal al poniente\u00a0 con Fray Bartolom\u00e9 de las Casas, cuyos puntos de referencia fueron debidamente establecidos.<\/p>\n<p><strong>LOCALIZACI\u00d3N GEOGR\u00c1FICA:<\/strong><\/p>\n<p style=\"text-align: center;\">LATITUD:\u00a0\u00a0\u00a0\u00a0\u00a0\u00a0\u00a0\u00a0\u00a0\u00a0\u00a0\u00a0 15\u00b0\u00a0 45\u2019\u00a0 45\u201d\u00a0\u00a0\u00a0\u00a0\u00a0\u00a0\u00a0\u00a0\u00a0\u00a0\u00a0\u00a0\u00a0\u00a0\u00a0\u00a0\u00a0\u00a0\u00a0\u00a0\u00a0\u00a0\u00a0\u00a0\u00a0\u00a0\u00a0 LONGITUD:\u00a0\u00a0\u00a0\u00a0\u00a0\u00a0\u00a0\u00a0\u00a0\u00a0\u00a0\u00a0\u00a0\u00a0\u00a0 89\u00b0\u00a0 33\u2019\u00a0 25\u201d<\/p>\n<p><strong>DISTANCIA DEL MUNICIPIO A LA CABECERA DEPARTAMENTAL:<\/strong><\/p>\n<p>148 Kil\u00f3metros<br \/>\n140 carreteras de Terracer\u00eda<br \/>\n8 Kil\u00f3metros de Asfalto<\/p>\n<p><strong>DISTANCIA DE LA CABECERA A LA CAPITAL:<\/strong><\/p>\n<p>367 kil\u00f3metros<br \/>\n227 carreteras de asfalto<br \/>\n140 carreteras de Terracer\u00eda.<br \/>\nPor la ruta a Chisec,\u00a0 la carretera es asfaltada<\/p>\n<p><strong>HIDROGRAF\u00cdA:<\/strong><\/p>\n<p>R\u00edo Chiy\u00fa que sirve de l\u00edmite jurisdiccional.<\/p>\n<p><strong>FLORA:<\/strong><\/p>\n<p style=\"text-align: justify;\">El municipio a\u00fan cuenta con regular monta\u00f1a donde se encuentra variedad de madera preciosa\u00a0 como: Caoba, cedro,\u00a0 Chicozapote, y se extrae el chico de segunda o chiquibul.\u00a0 All\u00ed encuentran sus habitantes madera para construcci\u00f3n\u00a0 de sus casas, plantas medicinales, le\u00f1a, coco, pl\u00e1tano, banano y todo lo que a c\u00edtricos se refiere.<\/p>\n<p><strong>CLIMA:<\/strong><\/p>\n<p style=\"text-align: justify;\">El municipio en general es c\u00e1lido h\u00famedo, por estar situado en la bocacosta del oc\u00e9ano Atl\u00e1ntico. Est\u00e1 dividido en dos partes Chahal viejo y Nuevo Chahal.<\/p>\n<p><strong>FAUNA:<\/strong><\/p>\n<p style=\"text-align: justify;\">Clases de ganado vacuno, caballar y porcino, el cual sirve para consumo y comercio, en muy\u00a0 baja escala aves de corral\u00a0 y otros.<\/p>\n<p><strong>PRECIPITACI\u00d3N \u00a0FLUVIAL:<\/strong><\/p>\n<p style=\"text-align: justify;\">En el a\u00f1o\u00a0 se observan dos estaciones estaci\u00f3n seca o verano y estaci\u00f3n lluviosa o invierno, \u00e9ste ultimo dura unos seis meses y es copioso.<\/p>\n<p><strong>ASPECTO CULTURAL:<\/strong><\/p>\n<p style=\"text-align: justify;\">*Comit\u00e9 de Feria<br \/>\n*Otras Organizaciones: Supervisi\u00f3n Educativa,\u00a0 juzgado de paz, Pastoral Social, Talita Kumi.<\/p>\n<p><strong>CELEBRACIONES:<\/strong><\/p>\n<p style=\"text-align: justify;\">Del 23 al 28\u00a0 de agosto celebra su feria titular, se realizan danzas folkl\u00f3ricas\u00a0 de venados, moros, as\u00ed como eventos sociales, culturales, religiosos y deportivos en honor a su santo.<\/p>\n<p><strong>TRAJE TIPICO: \u00a0<\/strong><\/p>\n<p style=\"text-align: justify;\">El corte negro: significa la muerte y la noche. El g\u00fcipil blanco: significa el d\u00eda y la paz. Los tupuyes significan la sangre la serpiente y los nueve meses de embarazo de una mujer, los chachales y anillos significan las estrellas del cielo.<\/p>\n<p style=\"text-align: center;\"><img decoding=\"async\" loading=\"lazy\" class=\"alignnone size-full wp-image-5794\" src=\"http:\/\/gobernacionaltaverapaz.gob.gt\/wp-content\/uploads\/2019\/06\/tipico-chahal.png\" alt=\"\" width=\"186\" height=\"298\" \/><\/p>\n<p><strong>RELIGI\u00d3N.<\/strong><\/p>\n<p>Las religiones\u00a0 que predominan son la cat\u00f3lica y la Evang\u00e9lica\u00a0 y cuentan con iglesia propia. En los caser\u00edos y aldeas cuentan con ermita y capilla respectivamente.<\/p>\n<p><strong>SOCIALES<\/strong><\/p>\n<p><strong>ACTIVIDADES RECREATIVAS:<\/strong><\/p>\n<p style=\"text-align: justify;\">Las \u00fanicas actividades recreativas se llevan a cabo en las Canchas de F\u00fatbol\u00a0\u00a0 y Baloncesto, que son los deportes que se pueden practicar en ese lugar.<\/p>\n<p><strong>IDIOMA<\/strong>:<\/p>\n<p>Q\u00b4eqchi<\/p>\n<p><strong>V\u00cdAS DE COMUNICACI\u00d3N Y TRANSPORTE:<\/strong><\/p>\n<p>-Correos y Tel\u00e9grafos, Telgua.<\/p>\n<p><strong>TRANSPORTE:<\/strong><\/p>\n<p>Buses de Transportes Unidos del Norte.<br \/>\nMicrobuses particulares (v\u00eda Chisec)<\/p>\n<p><strong>SERVICIOS DE SALUD:<\/strong><\/p>\n<h3>Centro de Salud Tipo \u201cA\u201d<\/h3>\n<p>Puestos de Salud 1<br \/>\n12.1 Chahal Viejo<\/p>\n<p><strong>SERVICIOS\u00a0 B\u00c1SICOS:<\/strong><\/p>\n<p style=\"text-align: center;\"><strong>TIPO DE ALUMBRADO<\/strong><\/p>\n<p style=\"text-align: center;\"><img decoding=\"async\" loading=\"lazy\" class=\"alignnone wp-image-5795 size-full\" src=\"http:\/\/gobernacionaltaverapaz.gob.gt\/wp-content\/uploads\/2019\/06\/chahal01.jpg\" alt=\"\" width=\"519\" height=\"90\" srcset=\"https:\/\/gobernacionaltaverapaz.gob.gt\/wp-content\/uploads\/2019\/06\/chahal01.jpg 519w, https:\/\/gobernacionaltaverapaz.gob.gt\/wp-content\/uploads\/2019\/06\/chahal01-300x52.jpg 300w\" sizes=\"(max-width: 519px) 100vw, 519px\" \/><\/p>\n<p style=\"text-align: center;\"><strong>FORMA ELIMINACI\u00d3N DE BASURA<\/strong><\/p>\n<p style=\"text-align: center;\"><img decoding=\"async\" loading=\"lazy\" class=\"alignnone wp-image-5796 size-full\" src=\"http:\/\/gobernacionaltaverapaz.gob.gt\/wp-content\/uploads\/2019\/06\/chahal02.jpg\" alt=\"\" width=\"388\" height=\"155\" srcset=\"https:\/\/gobernacionaltaverapaz.gob.gt\/wp-content\/uploads\/2019\/06\/chahal02.jpg 388w, https:\/\/gobernacionaltaverapaz.gob.gt\/wp-content\/uploads\/2019\/06\/chahal02-300x120.jpg 300w\" sizes=\"(max-width: 388px) 100vw, 388px\" \/><\/p>\n<p style=\"text-align: center;\"><strong>HOGARES CON SERVICIO DE AGUA<\/strong><\/p>\n<p style=\"text-align: center;\"><img decoding=\"async\" loading=\"lazy\" class=\"alignnone wp-image-5797 size-full\" src=\"http:\/\/gobernacionaltaverapaz.gob.gt\/wp-content\/uploads\/2019\/06\/chahal03.jpg\" alt=\"\" width=\"436\" height=\"176\" srcset=\"https:\/\/gobernacionaltaverapaz.gob.gt\/wp-content\/uploads\/2019\/06\/chahal03.jpg 436w, https:\/\/gobernacionaltaverapaz.gob.gt\/wp-content\/uploads\/2019\/06\/chahal03-300x121.jpg 300w\" sizes=\"(max-width: 436px) 100vw, 436px\" \/><\/p>\n<p style=\"text-align: center;\"><strong>HOGARES POR TIPO DE SANITARIO<\/strong><\/p>\n<p style=\"text-align: center;\"><img decoding=\"async\" loading=\"lazy\" class=\"alignnone wp-image-5798 size-full\" src=\"http:\/\/gobernacionaltaverapaz.gob.gt\/wp-content\/uploads\/2019\/06\/chahal04.jpg\" alt=\"\" width=\"495\" height=\"292\" srcset=\"https:\/\/gobernacionaltaverapaz.gob.gt\/wp-content\/uploads\/2019\/06\/chahal04.jpg 495w, https:\/\/gobernacionaltaverapaz.gob.gt\/wp-content\/uploads\/2019\/06\/chahal04-300x177.jpg 300w\" sizes=\"(max-width: 495px) 100vw, 495px\" \/><\/p>\n<p>&nbsp;<\/p>\n<p><strong>FUERZAS DE SEGURIDAD:<\/strong><\/p>\n<p>Lo cubre Fray Bartolom\u00e9 de las Casas.<\/p>\n<p><strong>ATRACTIVOS TUR\u00cdSTICOS:<\/strong><\/p>\n<p>-Cuenta con las playas de Sepur y la Conchas,\u00a0 varias cuevas\u00a0 y las cataratas de Sepemech.<\/p>\n<p><strong>PRODUCCI\u00d3N AGR\u00cdCOLA<\/strong>:<\/p>\n<p>Ma\u00edz, Frijol, arroz, chile.<\/p>\n<p><strong>ARTESAN\u00cdAS:<\/strong><\/p>\n<p>Fabricas petates, sopladores, sombreros de junco y cer\u00e1mica.<\/p>\n<p align=\"left\"><strong><span lang=\"ES\">VIVIENDA:<\/span><\/strong><\/p>\n<p style=\"text-align: center;\" align=\"left\"><strong>TIPO DE VIVIENDA<\/strong><\/p>\n<p style=\"text-align: center;\" align=\"left\"><img decoding=\"async\" loading=\"lazy\" class=\"alignnone wp-image-5799 size-full\" src=\"http:\/\/gobernacionaltaverapaz.gob.gt\/wp-content\/uploads\/2019\/06\/chahal05.jpg\" alt=\"\" width=\"393\" height=\"176\" srcset=\"https:\/\/gobernacionaltaverapaz.gob.gt\/wp-content\/uploads\/2019\/06\/chahal05.jpg 393w, https:\/\/gobernacionaltaverapaz.gob.gt\/wp-content\/uploads\/2019\/06\/chahal05-300x134.jpg 300w\" sizes=\"(max-width: 393px) 100vw, 393px\" \/><\/p>\n<p style=\"text-align: center;\" align=\"left\"><strong>MATERIAL PREDOMINANTE EN LAS PAREDES EXTERIORES<\/strong><\/p>\n<p style=\"text-align: center;\" align=\"left\"><img decoding=\"async\" loading=\"lazy\" class=\"alignnone wp-image-5800 size-full\" src=\"http:\/\/gobernacionaltaverapaz.gob.gt\/wp-content\/uploads\/2019\/06\/chahal06.jpg\" alt=\"\" width=\"485\" height=\"246\" srcset=\"https:\/\/gobernacionaltaverapaz.gob.gt\/wp-content\/uploads\/2019\/06\/chahal06.jpg 485w, https:\/\/gobernacionaltaverapaz.gob.gt\/wp-content\/uploads\/2019\/06\/chahal06-300x152.jpg 300w\" sizes=\"(max-width: 485px) 100vw, 485px\" \/><\/p>\n<p style=\"text-align: center;\" align=\"left\"><strong>MATERIAL PREDOMINANTE EN EL TECHO<\/strong><\/p>\n<p style=\"text-align: center;\" align=\"left\"><img decoding=\"async\" loading=\"lazy\" class=\"alignnone wp-image-5801 size-full\" src=\"http:\/\/gobernacionaltaverapaz.gob.gt\/wp-content\/uploads\/2019\/06\/chahal07.jpg\" alt=\"\" width=\"437\" height=\"176\" srcset=\"https:\/\/gobernacionaltaverapaz.gob.gt\/wp-content\/uploads\/2019\/06\/chahal07.jpg 437w, https:\/\/gobernacionaltaverapaz.gob.gt\/wp-content\/uploads\/2019\/06\/chahal07-300x121.jpg 300w\" sizes=\"(max-width: 437px) 100vw, 437px\" \/><\/p>\n<p style=\"text-align: center;\" align=\"left\"><strong>MATERIAL PREDOMINANTE EN EL PISO<\/strong><\/p>\n<p style=\"text-align: center;\" align=\"left\"><img decoding=\"async\" loading=\"lazy\" class=\"alignnone wp-image-5802 size-full\" src=\"http:\/\/gobernacionaltaverapaz.gob.gt\/wp-content\/uploads\/2019\/06\/chahal08.jpg\" alt=\"\" width=\"438\" height=\"239\" srcset=\"https:\/\/gobernacionaltaverapaz.gob.gt\/wp-content\/uploads\/2019\/06\/chahal08.jpg 438w, https:\/\/gobernacionaltaverapaz.gob.gt\/wp-content\/uploads\/2019\/06\/chahal08-300x164.jpg 300w\" sizes=\"(max-width: 438px) 100vw, 438px\" \/><\/p>\n<p style=\"text-align: center;\" align=\"left\"><strong>TOTAL DE LUGARES POBLADOS (aproa) Censos\u201994<\/strong><\/p>\n<p style=\"text-align: center;\" align=\"left\"><img decoding=\"async\" loading=\"lazy\" class=\"alignnone wp-image-5803 size-full\" src=\"http:\/\/gobernacionaltaverapaz.gob.gt\/wp-content\/uploads\/2019\/06\/chahal09.jpg\" alt=\"\" width=\"263\" height=\"137\" \/><\/p>\n<p style=\"text-align: center;\" align=\"left\"><strong>POBLACI\u00d3N (Censos 2002)<\/strong><\/p>\n<p align=\"left\"><strong>POBLACI\u00d3N POR SEXO:<\/strong><\/p>\n<p style=\"text-align: center;\" align=\"left\"><img decoding=\"async\" loading=\"lazy\" class=\"alignnone wp-image-5804 size-full\" src=\"http:\/\/gobernacionaltaverapaz.gob.gt\/wp-content\/uploads\/2019\/06\/chahal10.jpg\" alt=\"\" width=\"370\" height=\"64\" srcset=\"https:\/\/gobernacionaltaverapaz.gob.gt\/wp-content\/uploads\/2019\/06\/chahal10.jpg 370w, https:\/\/gobernacionaltaverapaz.gob.gt\/wp-content\/uploads\/2019\/06\/chahal10-300x52.jpg 300w\" sizes=\"(max-width: 370px) 100vw, 370px\" \/><\/p>\n<p align=\"left\"><strong>POBLACI\u00d3N POR GRUPOS DE EDAD:<\/strong><\/p>\n<p style=\"text-align: center;\" align=\"left\"><img decoding=\"async\" loading=\"lazy\" class=\"alignnone wp-image-5805 size-full\" src=\"http:\/\/gobernacionaltaverapaz.gob.gt\/wp-content\/uploads\/2019\/06\/chahal11.jpg\" alt=\"\" width=\"390\" height=\"137\" srcset=\"https:\/\/gobernacionaltaverapaz.gob.gt\/wp-content\/uploads\/2019\/06\/chahal11.jpg 390w, https:\/\/gobernacionaltaverapaz.gob.gt\/wp-content\/uploads\/2019\/06\/chahal11-300x105.jpg 300w\" sizes=\"(max-width: 390px) 100vw, 390px\" \/><\/p>\n<p style=\"text-align: center;\" align=\"left\"><img decoding=\"async\" loading=\"lazy\" class=\"alignnone wp-image-5806 size-full\" src=\"http:\/\/gobernacionaltaverapaz.gob.gt\/wp-content\/uploads\/2019\/06\/chahal12.jpg\" alt=\"\" width=\"556\" height=\"271\" srcset=\"https:\/\/gobernacionaltaverapaz.gob.gt\/wp-content\/uploads\/2019\/06\/chahal12.jpg 556w, https:\/\/gobernacionaltaverapaz.gob.gt\/wp-content\/uploads\/2019\/06\/chahal12-300x146.jpg 300w\" sizes=\"(max-width: 556px) 100vw, 556px\" \/><\/p>\n<p><strong>POBLACI\u00d3N POR GRUPO \u00c9TNICO:<\/strong><\/p>\n<p style=\"text-align: center;\"><img decoding=\"async\" loading=\"lazy\" class=\"alignnone wp-image-5807 size-full\" src=\"http:\/\/gobernacionaltaverapaz.gob.gt\/wp-content\/uploads\/2019\/06\/chahal13.jpg\" alt=\"\" width=\"418\" height=\"74\" srcset=\"https:\/\/gobernacionaltaverapaz.gob.gt\/wp-content\/uploads\/2019\/06\/chahal13.jpg 418w, https:\/\/gobernacionaltaverapaz.gob.gt\/wp-content\/uploads\/2019\/06\/chahal13-300x53.jpg 300w\" sizes=\"(max-width: 418px) 100vw, 418px\" \/><\/p>\n<p><strong>POBLACI\u00d3N QUE APRENDI\u00d3 A HABLAR EN UN IDIOMA MAYA:<\/strong><\/p>\n<p style=\"text-align: center;\"><img decoding=\"async\" loading=\"lazy\" class=\"alignnone wp-image-5808 size-full\" src=\"http:\/\/gobernacionaltaverapaz.gob.gt\/wp-content\/uploads\/2019\/06\/chahal14.jpg\" alt=\"\" width=\"343\" height=\"74\" srcset=\"https:\/\/gobernacionaltaverapaz.gob.gt\/wp-content\/uploads\/2019\/06\/chahal14.jpg 343w, https:\/\/gobernacionaltaverapaz.gob.gt\/wp-content\/uploads\/2019\/06\/chahal14-300x65.jpg 300w\" sizes=\"(max-width: 343px) 100vw, 343px\" \/><\/p>\n<p><strong>POBLACI\u00d3N POR PERTENENCIA \u00c9TNICA:<\/strong><\/p>\n<p style=\"text-align: center;\"><img decoding=\"async\" loading=\"lazy\" class=\"alignnone wp-image-5809 size-full\" src=\"http:\/\/gobernacionaltaverapaz.gob.gt\/wp-content\/uploads\/2019\/06\/chahal15.jpg\" alt=\"\" width=\"477\" height=\"78\" srcset=\"https:\/\/gobernacionaltaverapaz.gob.gt\/wp-content\/uploads\/2019\/06\/chahal15.jpg 477w, https:\/\/gobernacionaltaverapaz.gob.gt\/wp-content\/uploads\/2019\/06\/chahal15-300x49.jpg 300w\" sizes=\"(max-width: 477px) 100vw, 477px\" \/><\/p>\n<p style=\"text-align: left;\"><strong>POBLACI\u00d3N POR \u00c1REA:<\/strong><\/p>\n<p style=\"text-align: center;\"><img decoding=\"async\" loading=\"lazy\" class=\"alignnone wp-image-5810 size-full\" src=\"http:\/\/gobernacionaltaverapaz.gob.gt\/wp-content\/uploads\/2019\/06\/chahal16.jpg\" alt=\"\" width=\"319\" height=\"74\" srcset=\"https:\/\/gobernacionaltaverapaz.gob.gt\/wp-content\/uploads\/2019\/06\/chahal16.jpg 319w, https:\/\/gobernacionaltaverapaz.gob.gt\/wp-content\/uploads\/2019\/06\/chahal16-300x70.jpg 300w\" sizes=\"(max-width: 319px) 100vw, 319px\" \/><\/p>\n<p style=\"text-align: center;\"><strong>EDUCACI\u00d3N<\/strong><\/p>\n<p><strong>ANALFABETISMO:\u00a0\u00a0\u00a0\u00a0\u00a0\u00a0\u00a0\u00a0 (poblaci\u00f3n de 7 a\u00f1os y m\u00e1s)<\/strong><\/p>\n<p style=\"text-align: center;\"><img decoding=\"async\" loading=\"lazy\" class=\"alignnone wp-image-5811 size-full\" src=\"http:\/\/gobernacionaltaverapaz.gob.gt\/wp-content\/uploads\/2019\/06\/chahal17.jpg\" alt=\"\" width=\"329\" height=\"72\" srcset=\"https:\/\/gobernacionaltaverapaz.gob.gt\/wp-content\/uploads\/2019\/06\/chahal17.jpg 329w, https:\/\/gobernacionaltaverapaz.gob.gt\/wp-content\/uploads\/2019\/06\/chahal17-300x66.jpg 300w\" sizes=\"(max-width: 329px) 100vw, 329px\" \/><\/p>\n<p><strong>NIVEL DE ESCOLARIDAD:<\/strong><\/p>\n<p style=\"text-align: center;\"><img decoding=\"async\" loading=\"lazy\" class=\"alignnone wp-image-5812 size-full\" src=\"http:\/\/gobernacionaltaverapaz.gob.gt\/wp-content\/uploads\/2019\/06\/chahal18.jpg\" alt=\"\" width=\"388\" height=\"156\" srcset=\"https:\/\/gobernacionaltaverapaz.gob.gt\/wp-content\/uploads\/2019\/06\/chahal18.jpg 388w, https:\/\/gobernacionaltaverapaz.gob.gt\/wp-content\/uploads\/2019\/06\/chahal18-300x121.jpg 300w\" sizes=\"(max-width: 388px) 100vw, 388px\" \/><\/p>\n<p>&nbsp;<\/p>\n<p style=\"text-align: center;\"><strong>Establecimientos Abiertos y Nivel Educativo 2012:<\/strong><\/p>\n<p style=\"text-align: center;\"><img decoding=\"async\" loading=\"lazy\" class=\"alignnone wp-image-5813 size-full\" src=\"http:\/\/gobernacionaltaverapaz.gob.gt\/wp-content\/uploads\/2019\/06\/chahal19.jpg\" alt=\"\" width=\"308\" height=\"137\" srcset=\"https:\/\/gobernacionaltaverapaz.gob.gt\/wp-content\/uploads\/2019\/06\/chahal19.jpg 308w, https:\/\/gobernacionaltaverapaz.gob.gt\/wp-content\/uploads\/2019\/06\/chahal19-300x133.jpg 300w\" sizes=\"(max-width: 308px) 100vw, 308px\" \/>Mineduc 2012.<\/p>\n<p><strong>POBLACI\u00d3N ECON\u00d3MICAMENTE ACTIVA<\/strong> (poblaci\u00f3n de 7 a\u00f1os y m\u00e1s)<\/p>\n<p style=\"text-align: center;\"><img decoding=\"async\" loading=\"lazy\" class=\"alignnone wp-image-5814 size-full\" src=\"http:\/\/gobernacionaltaverapaz.gob.gt\/wp-content\/uploads\/2019\/06\/chahal21.jpg\" alt=\"\" width=\"322\" height=\"76\" srcset=\"https:\/\/gobernacionaltaverapaz.gob.gt\/wp-content\/uploads\/2019\/06\/chahal21.jpg 322w, https:\/\/gobernacionaltaverapaz.gob.gt\/wp-content\/uploads\/2019\/06\/chahal21-300x71.jpg 300w\" sizes=\"(max-width: 322px) 100vw, 322px\" \/><\/p>\n<p style=\"text-align: center;\"><strong>Pobreza 2008<\/strong><\/p>\n<p style=\"text-align: center;\"><img decoding=\"async\" loading=\"lazy\" class=\"alignnone wp-image-5815 size-full\" src=\"http:\/\/gobernacionaltaverapaz.gob.gt\/wp-content\/uploads\/2019\/06\/chahal22.jpg\" alt=\"\" width=\"330\" height=\"89\" srcset=\"https:\/\/gobernacionaltaverapaz.gob.gt\/wp-content\/uploads\/2019\/06\/chahal22.jpg 330w, https:\/\/gobernacionaltaverapaz.gob.gt\/wp-content\/uploads\/2019\/06\/chahal22-300x81.jpg 300w\" sizes=\"(max-width: 330px) 100vw, 330px\" \/>Fuente: Censos Urbanos y Rurales 2008.<\/p>\n<p style=\"text-align: center;\"><strong>TASAS 2015<\/strong><\/p>\n<p style=\"text-align: center;\"><img decoding=\"async\" loading=\"lazy\" class=\"alignnone wp-image-5816 size-full\" src=\"http:\/\/gobernacionaltaverapaz.gob.gt\/wp-content\/uploads\/2019\/06\/chahal23.jpg\" alt=\"\" width=\"533\" height=\"149\" srcset=\"https:\/\/gobernacionaltaverapaz.gob.gt\/wp-content\/uploads\/2019\/06\/chahal23.jpg 533w, https:\/\/gobernacionaltaverapaz.gob.gt\/wp-content\/uploads\/2019\/06\/chahal23-300x84.jpg 300w\" sizes=\"(max-width: 533px) 100vw, 533px\" \/><\/p>\n<p style=\"text-align: center;\">Fuente: Memoria de Labores 2015, Direcci\u00f3n de \u00c1rea de Salud.<\/p>\n<p><img decoding=\"async\" loading=\"lazy\" class=\"wp-image-5716 aligncenter\" src=\"http:\/\/gobernacionaltaverapaz.gob.gt\/wp-content\/uploads\/2019\/06\/ine-300x300.png\" alt=\"\" width=\"67\" height=\"65\" \/><\/p>\n","protected":false},"excerpt":{"rendered":"<p>Chahal BREVE RESE\u00d1A HIST\u00d3RICA Algunos opinan que el municipio de CHAHAL, se fund\u00f3\u00a0 en 1,908, pero\u00a0 los datos recabados del archivo de la municipalidad de dicho municipio, son los siguientes: Antiguamente Chahal dependi\u00f3 del departamento de Izabal, pero gracias a la lucha de personas amantes a la libertad y el progreso, tales como Manuel Tot [&hellip;]<\/p>\n","protected":false},"author":1,"featured_media":0,"parent":0,"menu_order":0,"comment_status":"closed","ping_status":"closed","template":"","meta":[],"_links":{"self":[{"href":"https:\/\/gobernacionaltaverapaz.gob.gt\/index.php?rest_route=\/wp\/v2\/pages\/5791"}],"collection":[{"href":"https:\/\/gobernacionaltaverapaz.gob.gt\/index.php?rest_route=\/wp\/v2\/pages"}],"about":[{"href":"https:\/\/gobernacionaltaverapaz.gob.gt\/index.php?rest_route=\/wp\/v2\/types\/page"}],"author":[{"embeddable":true,"href":"https:\/\/gobernacionaltaverapaz.gob.gt\/index.php?rest_route=\/wp\/v2\/users\/1"}],"replies":[{"embeddable":true,"href":"https:\/\/gobernacionaltaverapaz.gob.gt\/index.php?rest_route=%2Fwp%2Fv2%2Fcomments&post=5791"}],"version-history":[{"count":3,"href":"https:\/\/gobernacionaltaverapaz.gob.gt\/index.php?rest_route=\/wp\/v2\/pages\/5791\/revisions"}],"predecessor-version":[{"id":5821,"href":"https:\/\/gobernacionaltaverapaz.gob.gt\/index.php?rest_route=\/wp\/v2\/pages\/5791\/revisions\/5821"}],"wp:attachment":[{"href":"https:\/\/gobernacionaltaverapaz.gob.gt\/index.php?rest_route=%2Fwp%2Fv2%2Fmedia&parent=5791"}],"curies":[{"name":"wp","href":"https:\/\/api.w.org\/{rel}","templated":true}]}}